, what is 1 - -3acb?
3acc
In base 8, what is -1366 + -142?
-1530
In base 12, what is 23b4 - 6b?
2345
In base 5, what is 22 - -2030240?
2030312
In base 16, what is 6 + -5fbc?
-5fb6
In base 10, what is 382 + 14?
396
In base 11, what is 24 + -171a?
-16a6
In base 9, what is -5 - 134702?
-134707
In base 15, what is -7 - 1a68?
-1a70
In base 7, what is 35151 + 14?
35165
In base 5, what is -20 + -120202?
-120222
In base 9, what is 0 + 6154?
6154
In base 10, what is 13928504 + -5?
13928499
In base 7, what is -1204 - 562?
-2066
In base 8, what is -3 - 6215?
-6220
In base 9, what is -158 + 1318?
1150
In base 6, what is -4 - -11140522?
11140514
In base 15, what is a - 36ba?
-36b0
In base 9, what is 4 + 13868?
13873
In base 8, what is 5 + 575331?
575336
In base 3, what is -10 + -20221202110?
-20221202120
In base 13, what is 6 - 40377?
-40371
In base 8, what is 0 + -1274514?
-1274514
In base 16, what is -31e + -12?
-330
In base 11, what is 1084a - 103?
10747
In base 16, what is 4d59 + -1d?
4d3c
In base 7, what is 2 + -22542?
-22540
In base 4, what is 2 - -2201101?
2201103
In base 9, what is -405687 + 1?
-405686
In base 14, what is -3 - -2b847d?
2b847a
In base 5, what is -43 - -2402103?
2402010
In base 16, what is -4 + -590e5?
-590e9
In base 12, what is -3734 - -18b?
-3565
In base 15, what is 15e8b - 6?
15e85
In base 3, what is -110212110002 - 10?
-110212110012
In base 5, what is 3 - 102334?
-102331
In base 16, what is -7a + -8c9?
-943
In base 10, what is 15604 + -8?
15596
In base 11, what is 6 - -28a3a3?
28a3a9
In base 14, what is -3197 + -3?
-319a
In base 16, what is 2e + 4a?
78
In base 12, what is 4 + 1344?
1348
In base 6, what is 111114 - -203?
111321
In base 8, what is 6130 - 2710?
3220
In base 6, what is 124 + -1340?
-1212
In base 13, what is -3 - 2c4671?
-2c4674
In base 14, what is c322 + -3?
c31d
In base 3, what is 0 - -110202022?
110202022
In base 10, what is 4 + -59602?
-59598
In base 11, what is 361 + 886?
1137
In base 12, what is 259 - -92?
32b
In base 2, what is -1 + 111000000011?
111000000010
In base 7, what is -5 + 4566243?
4566235
In base 10, what is -2 + -3142?
-3144
In base 4, what is -10 + 1120001023?
1120001013
In base 2, what is -10 + -100100001000111111?
-100100001001000001
In base 8, what is 4411 + 33?
4444
In base 11, what is -39 + -192a?
-1968
In base 15, what is -e856 - -10?
-e846
In base 3, what is -11102000 + -1001022?
-12110022
In base 3, what is -1121120 - 102?
-1121222
In base 6, what is 1511511 + -2?
1511505
In base 2, what is 100100111 + -1010?
100011101
In base 9, what is -4241 - 402?
-4643
In base 13, what is -36 + 44?
b
In base 14, what is -2 + 852ac?
852aa
In base 9, what is 217 - 1810?
-1582
In base 13, what is 154 - -39?
190
In base 14, what is 169 + 39b?
526
In base 7, what is 3166 - -131?
3330
In base 2, what is -100 - -10111100111100101?
10111100111100001
In base 7, what is 5425146 + 0?
5425146
In base 9, what is -1070 - 1452?
-2532
In base 13, what is 12bc - -3b0?
169c
In base 4, what is 11113 + -31032?
-13313
In base 3, what is 2022 + -22210221?
-22201122
In base 10, what is 1 - -1739?
1740
In base 9, what is 6 + 47778?
47785
In base 2, what is -11 - -11001011101100000100?
11001011101100000001
In base 4, what is 1 + -3201323100?
-3201323033
In base 3, what is -12 - -2220012120?
2220012101
In base 7, what is -4 - -60010?
60003
In base 10, what is -1 - 132085?
-132086
In base 8, what is -2754 + -2?
-2756
In base 7, what is -20040404 - 2?
-20040406
In base 2, what is 110001111 + -1000110111011?
-1000000101100
In base 5, what is 14 + 1031241?
1031310
In base 10, what is 1022 + 53?
1075
In base 14, what is 4 + -1dc3?
-1dbd
In base 13, what is 0 + -3313?
-3313
In base 13, what is -5 - -1865?
1860
In base 10, what is 791407 + 0?
791407
In base 9, what is 46 - -50840?
50886
In base 9, what is 0 + -164711?
-164711
In base 5, what is -10124402 - 0?
-10124402
In base 2, what is -1000111000011100011 - -101?
-1000111000011011110
In base 5, what is -1043403 - -1?
-1043402
In base 15, what is 0 + aa52?
aa52
In base 2, what is 1110001011110 + 10?
1110001100000
In base 14, what is -1c692 - -1?
-1c691
In base 13, what is 7b88c - -2?
7b891
In base 5, what is -2032012 + -132?
-2032144
In base 16, what is -98a2 - -3?
-989f
In base 8, what is 4 - 151333?
-151327
In base 11, what is -4 - 8506?
-850a
In base 13, what is -24 + -3607?
-362b
In base 11, what is 14734 + 4?
14738
In base 6, what is 51 + 11423?
11514
In base 8, what is 5 + -311671?
-311664
In base 16, what is 0 + 50d4a?
50d4a
In base 5, what is -2 - 2130442?
-2130444
In base 14, what is -94945 + -3?
-94948
In base 3, what is -21 + 222221211210?
222221211112
In base 16, what is 7109 + 1?
710a
In base 6, what is 213 - -312144?
312401
In base 14, what is -76d11a + 5?
-76d115
In base 15, what is -3 - -c5dd?
c5da
In base 7, what is 25250320 + 2?
25250322
In base 15, what is 2 + -645cb?
-645c9
In base 12, what is 22 + -29b31?
-29b0b
In base 2, what is -110011010 + 1111111011?
1001100001
In base 8, what is 5615712 - 2?
5615710
In base 11, what is 6 - -84264?
8426a
In base 14, what is -74 + -b70?
-c04
In base 13, what is 506 - -1a?
523
In base 16, what is -5 + eeb?
ee6
In base 8, what is 142016 + -1?
142015
In base 12, what is -271aa - -8?
-271a2
In base 7, what is 242 + 604?
1146
In base 2, what is 10100001010 + -11?
10100000111
In base 12, what is -5 - -bb987?
bb982
In base 16, what is 3d - 19d?
-160
In base 4, what is 3122 + -10100?
-312
In base 6, what is -4310251 - -10?
-4310241
In base 16, what is -2 + 547b3?
547b1
In base 6, what is -453 + -105450?
-110343
In base 6, what is -45 + 14013?
13524
In base 2, what is 10011000 + -1111110?
11010
In base 11, what is 6a - 20a?
-150
In base 16, what is 461 + -dda?
-979
In base 16, what is -1e43 + -a?
-1e4d
In base 2, what is -11010001111011001101 - -10?
-11010001111011001011
In base 16, what is 11 - -2f4?
305
In base 10, what is -20626 - 85?
-20711
In base 10, what is 3 - 91454?
-91451
In base 9, what is -12727 - -684?
-12033
In base 15, what is -286c02 - -3?
-286bee
In base 12, what is -102 + -b7?
-1b9
In base 9, what is 826 - 300?
526
In base 13, what is -6c - 16bc3?
-16c62
In base 6, what is -155 + 1040?
441
In base 11, what is -54a - 95?
-634
In base 15, what is -4 + d3c?
d38
In base 15, what is -3 - -5d3?
5d0
In base 11, what is 2667 + 7?
2673
In base 16, what is -3198d + 5?
-31988
In base 15, what is -46d9 + 0?
-46d9
In base 10, what is -111403 - 1?
-111404
In base 2, what is -100100011000 - 100011?
-100100111011
In base 6, what is -2 + -1311144?
-1311150
In base 15, what is -3 - -2b40?
2b3c
In base 6, what is 152234 - -210?
152444
In base 12, what is 49a1 + 53?
4a34
In base 14, what is -21 + -ab3?
-ad4
In base 11, what is -12 - 2472?
-2484
In base 4, what is -2 + 2300202013?
2300202011
In base 3, what is -11112 - 2212021?
-10000210
In base 11, what is -5 - -12281?
12277
In base 5, what is -14 - 3444300?
-3444314
In base 11, what is -8262 + -14?
-8276
In base 9, what is -2287656 - -4?
-2287652
In base 3, what is -20 + 20221002?
20220212
In base 16, what is 1 - -1c1b?
1c1c
In base 4, what is 32201 + -3300?
22301
In base 14, what is 4 - -b3a87?
b3a8b
In base 9, what is -1374 + 3?
-1371
In base 11, what is 4241 - -9?
424a
In base 10, what is 8418 + 3?
8421
In base 8, what is 32 - 213642?
-213610
In base 4, what is -11030 - 11?
-11101
In base 5, what is -321402 + 2140?
-314212
In base 3, what is -2 + -20012211?
-20012220
In base 2, what is -111 + 10111111001001011?
10111111001000100
In base 8, what is -61010 - -5?
-61003
In base 5, what is -22 + 2300?
2223
In base 16, what is -bbf - -21?
-b9e
In base 3, what is -12 + -21210000?
-21210012
In base 10, what is -25919 - -13?
-25906
In base 9, what is 3 + 46587?
46601
In base 8, what is -74622 - 10?
-74632
In base 2, what is 10101010010 - 11111100?
10001010110
In base 2, what is 1000011 + 1101010101?
1110011000
In base 9, what is 84 - 736?
-642
In base 8, what is -52 - 14126?
-14200
In base 4, what is -1023 + -3223?
-10312
In base 13, what is 98c09 - c?
98bca
In base 6, what is 3 - -325154?
325201
In base 3, what is -1011 + -2120211211?
-2120212222
In base 16, what is -457 - 1?
-458
In base 11, what is -52204 + -1?
-52205
In base 5, what is 31330040 - -32?
31330122
In base 11, what is -